et f = r + q. What are the prime factors of f?
5
Suppose -9*x - 3*x + 7040 = 10*x. What are the prime factors of x?
2, 5
Let h = -17642 - -43373. What are the prime factors of h?
3, 953
List the prime factors of (-2)/3 + (-7)/((-21)/69614).
2, 5801
List the prime factors of 4 + 2 - 41/((-369)/32274).
2, 449
Let h(g) = -g**3 - 7*g**2 - 3*g + 6. Let l be h(-7). What are the prime factors of 5 - 126/l - 1172/(-3)?
17, 23
Let r(c) = -91*c**3 - c**2 - 3*c - 2. Suppose -7*z - 12 = -5. Let u be r(z). Suppose p - u = -11. List the prime factors of p.
2, 5
Suppose -8 - 40 = 12*m. Let s be (-3 - m) + 2 - 6. What are the prime factors of (s + 1)/(-2) - -102*2?
5, 41
Suppose -4*p - 277 = -4*q + 655, 5*q - 1153 = p. Let c = q - 159. What are the prime factors of c?
71
Let g = -36125 + 66207. List the prime factors of g.
2, 13, 89
Let x be ((-93)/124)/((-2)/8). Suppose 2*p - 1266 = -4*l, 50*p + x*l = 47*p + 1911. What are the prime factors of p?
641
Let y = 65056 - 33948. What are the prime factors of y?
2, 7, 11, 101
Suppose 340 = 5*i + 4*f + 110, 0 = -i + 3*f + 46. Let c(v) = 2*v**2 - 67*v + 305. What are the prime factors of c(i)?
3, 5, 97
Let p be (-342)/27*-1*18*1. Suppose -p = -n + 138. List the prime factors of n.
2, 3, 61
Let h = 521 - 506. List the prime factors of (h - 17)*1802/(-4).
17, 53
List the prime factors of 1/(-5) - (-62942)/11*(-11)/(-10).
2, 3, 1049
List the prime factors of (-5)/(-3)*141/(-47) - -5929.
2, 1481
Suppose -3*m = a - 2359, 5*m - 2371 = 238*a - 239*a. What are the prime factors of a?
2341
Let f(q) = 63*q**3 - 46*q**2 + 120*q - 9. List the prime factors of f(6).
3, 7, 67
What are the prime factors of (0 - 1)*-3 + (29868 - 145)?
2, 89, 167
Let o = -3684 + 4526. Let c(a) = -18*a**2 - 8*a - 1. Let s be c(-6). Let f = s + o. List the prime factors of f.
241
Let b be (-12 + 26)*8/14. Let x = 12 - b. Suppose x*z = 496 + 284. List the prime factors of z.
3, 5, 13
Let k = -1388 - -1951. Suppose -k = 27*m - 1913. List the prime factors of m.
2, 5
Suppose 43515 = 13*s + 2*s. Let d be (-9)/(-27) + s/(-9). Let h = -129 - d. List the prime factors of h.
193
Suppose 4*c + 42 = 5*o - 3, -c - 5 = 0. Suppose g + 2*h - 511 = 0, -o*g = -h - 1213 - 1331. List the prime factors of g.
509
Suppose -31*a - 26021 = 4638. Let x = a - -1553. What are the prime factors of x?
2, 3, 47
List the prime factors of 18332/5 + 2/(-5).
2, 3, 13, 47
Let h(i) = -5*i - 7. Let z be h(5). Suppose -12*j + 65318 = 66050. Let w = z - j. What are the prime factors of w?
29
What are the prime factors of ((-4)/(-14))/(-6 + 7574843/1262471)?
2, 103
Let v = 552 + -230. Let t = v - 53. List the prime factors of t.
269
What are the prime factors of (-1 - 4/8*4)*(-92281)/21?
13183
Let u = -213 - -213. Let i = 11 + 56. Suppose l + 118 = 3*j - 0*j, 2*j - 3*l - i = u. List the prime factors of j.
41
List the prime factors of (-1712376)/(-34) + (36/20)/(6/20).
2, 3, 5, 23, 73
Let w(v) = -4*v**2 - 4*v - 1. Let b be w(3). Let p = b + 52. Suppose -t - m + 4*m + 137 = 0, -p*t + 411 = 5*m. What are the prime factors of t?
137
Suppose 14*p - 223 + 83 = 0. Suppose 0 = p*k - 8695 - 1565. List the prime factors of k.
2, 3, 19
What are the prime factors of 1002/12525 - 1468173/(-25)?
58727
Let s = -665 - -362. Let o = s - -450. List the prime factors of o.
3, 7
Let g = 87245 - 58036. List the prime factors of g.
29209
Let q = -9089 + 27074. List the prime factors of q.
3, 5, 11, 109
Let q(i) = -i - 12 + 14 + 2*i. Let y be q(13). Suppose 0*t = 3*w + t - 288, 0 = -5*t + y. What are the prime factors of w?
5, 19
Suppose -5*p - 21195 = -5*k, -16954 = 23*k - 27*k + 3*p. List the prime factors of k.
19, 223
Let h be ((-2)/7)/(-1*1/7). Suppose -247 = h*i - 5*i - 2*a, -2*i = -a - 160. List the prime factors of i.
3
Suppose 3*h - 119*p - 8085 = -122*p, -2710 = -h + 2*p. List the prime factors of h.
2, 3, 5
Suppose -20 = 38*v - 48*v. Suppose 0 = -4*p - 2*y + 5026, -y - 2533 = -2*p + v*y. What are the prime factors of p?
1259
Let l = -75 + 415. Suppose 114*x - 109*x = l. List the prime factors of x.
2, 17
Let g be -2*(5/(-2) - 0). Suppose 120*v - 32832 = 77568. List the prime factors of (v/12)/g*(-1 + 4).
2, 23
Suppose 16*g - 63 - 17 = 0. Suppose -g*r + 16*r = 15510. List the prime factors of r.
2, 3, 5, 47
List the prime factors of (-2)/(-24) - 59484514/(-3048).
2, 7, 17, 41
Suppose 0 = 8*v - 21*v + 13286. Suppose -2*t + 2*j + 1008 = 0, v = 2*t - j + 6*j. List the prime factors of t.
2, 11, 23
Suppose 22*o + 3*o - 19836 = 18639. What are the prime factors of o?
3, 19
Let u(a) = a**3 - 4*a**2 - 3*a + 4. Let d be u(3). Let x be (413/d)/((-1)/8). Suppose -n + 65 = v, 0 = -4*v - 0*n + 4*n + x. What are the prime factors of v?
2, 31
Let d(x) = 2*x**3 - x**2 + 6*x - 5. Let u(v) = v**3 + 6*v - 4. Let n(j) = 3*d(j) - 4*u(j). Let f(m) = m + 11. Let t be f(-6). List the prime factors of n(t).
2, 73
Suppose -k - m = -2971 - 1483, 0 = -4*m + 16. Suppose 0 = -5*a - 5*z + k, 0*a + 1765 = 2*a - z. List the prime factors of a.
3, 5, 59
What are the prime factors of (-123404)/(-8) + -2 - 50/(-20)?
2, 3, 857
Let p(y) = 3*y**2 + 29*y + 6. Let m be p(-14). Let s = m - -732. List the prime factors of s.
2, 5, 23
Suppose -z = 4*z + 5645. What are the prime factors of (-8)/(-52) + z/(-13)?
3, 29
Let j be (-8)/(-10) - (-546)/105. Suppose 4*a = -y + j*a + 352, 3*y = -2*a + 1096. What are the prime factors of y?
2, 181
List the prime factors of (4 - 1)*-1 - (0 + 5 + -5708).
2, 3, 5, 19
Suppose 5*b = -4*d + 3294, 4*b - 2255 = d + 376. Let q be (-1)/2 + 3 + 996/8. Suppose -s + b = 5*r + q, -5*s = 4*r - 408. List the prime factors of r.
107
Suppose -2*j = 10*j - 8568. Suppose 4*p = -4*n + 5*p + j, 0 = n + p - 176. What are the prime factors of n?
2, 89
Suppose -4*k + 595 = -3*k. Let r(b) = -b**3 - 24*b**2 + 21*b + 40. Let h be r(-25). Suppose -k = -5*j - h. List the prime factors of j.
7, 13
Let f(w) = 39*w - 1. Let s(r) = 38*r - 1. Let j(k) = -2*f(k) + 3*s(k). List the prime factors of j(9).
17, 19
Let m = 2270 - 53. What are the prime factors of m?
3, 739
Let l be 8 - 3/1 - 3. Let m be ((-3)/(-9))/(10/(-30)). List the prime factors of (m + -7)*(-7 + (-4 - l)).
2, 13
Suppose -2*n + 67 = 67. Suppose n = 6*k + 31 + 185. What are the prime factors of ((-33)/9)/(1/k)?
2, 3, 11
Let q(n) = 66*n + 582. Let x = -910 - -904. What are the prime factors of q(x)?
2, 3, 31
Let l(n) = 6*n + 47. Let u be l(-9). List the prime factors of (-1119 - -2)/((u - -4) + 2).
1117
Let f(k) = -13*k**2 - 4*k - 7. Let v be f(5). Let j = v - -562. Suppose 0 = 2*c, 3*q - 2*c = -0*c + j. List the prime factors of q.
2, 5, 7
Let v be ((-12)/(-5))/(-4) - (-34)/(-10). Let c be 22/26 - v/26. Suppose 59 = g + c. List the prime factors of g.
2, 29
Let c be (-12)/2 - (-6 + -20). Suppose -1081 = c*n - 4741. What are the prime factors of n?
3, 61
Let m be (-3)/(-6)*(10372 - -10). Suppose 5241 = 4*v - 5*n, 8*n - m = -4*v + 3*n. What are the prime factors of v?
2, 163
Suppose -f + 5 = h, 3*f - 3*h + 8*h = 25. Suppose 2*p - 2*c = c + 6, f = 4*c + 8. Suppose p = -7*a + 6*a + 80. List the prime factors of a.
2, 5
Let j(v) = 38*v - 209. Let r be j(6). What are the prime factors of -2 + 813 + (-38)/r?
809
Let z(r) = -r**3 + 6*r**2 + 3*r - 16. Let m be z(6). Suppose 2 = m*f + 2*t, 2*t = -4 - 2. Suppose f*s - 17 = 31. What are the prime factors of s?
2, 3
Let c = -2147 + 8789. List the prime factors of c.
2, 3, 41
Suppose 2*f = 5 - 11, 4*d - 5*f - 1047 = 0. List the prime factors of d/1 - 24/(-8).
3, 29
Let b(r) = r**3 - 5*r**2 + 18*r + 9. Let t be b(9). Suppose 0 = l + 5*n - t, -4*l - 3*n + 1908 = -n. List the prime factors of l.
5, 19
Suppose 24*u = 22*u + 316. Let p = 1189 - u. What are the prime factors of p?
1031
Suppose -5 = f, -3*w + 0*f = 2*f - 1040. Suppose 1206 = 4*y - w. What are the prime factors of y?
389
Let z(i) = i**2 - 27*i + 62. List the prime factors of z(83).
2, 3, 5, 157
What are the prime factors of 2/(-3)*(-21192 + 21)?
2, 7057
Suppose -26027 = -f + 4*c, 22*c = f + 23*c - 26047. What are the prime factors of f?
3, 8681
Let s = 1744 - 43. Suppose s = -6*l + 13*l. List the prime factors of l.
3
Suppose 3*l - 43 = -5*t + 7*l, -2*l - 18 = -2*t. Let p(x) = x**3 + x**2 + 5*x + 20. What are the prime factors of p(t)?
3, 149
Suppose -28*i = -17362 - 16854. L